r of 480 and 96?
96
Calculate the highest common factor of 6 and 102.
6
Calculate the highest common divisor of 16130 and 10.
10
Calculate the highest common factor of 88 and 24.
8
What is the highest common factor of 385 and 7?
7
What is the greatest common factor of 660 and 90?
30
What is the highest common divisor of 572 and 66?
22
What is the greatest common divisor of 216 and 168?
24
What is the highest common factor of 737 and 33?
11
What is the highest common factor of 502 and 2?
2
What is the highest common divisor of 255 and 120?
15
What is the greatest common factor of 3042 and 36?
18
What is the greatest common factor of 66 and 72?
6
What is the highest common factor of 155 and 15?
5
What is the highest common factor of 76 and 684?
76
Calculate the greatest common factor of 473 and 86.
43
What is the greatest common divisor of 16 and 6856?
8
Calculate the greatest common factor of 27 and 2421.
9
What is the greatest common divisor of 7627 and 58?
29
Calculate the greatest common divisor of 148 and 4.
4
What is the greatest common factor of 3366 and 22?
22
What is the highest common factor of 551 and 116?
29
Calculate the greatest common factor of 2808 and 4.
4
Calculate the highest common factor of 2842 and 3451.
203
Calculate the greatest common divisor of 3610 and 760.
190
Calculate the greatest common divisor of 3 and 2.
1
Calculate the greatest common divisor of 34 and 612.
34
What is the greatest common factor of 2457 and 1?
1
Calculate the highest common factor of 306 and 3519.
153
Calculate the highest common factor of 66 and 506.
22
What is the highest common factor of 174 and 261?
87
Calculate the highest common divisor of 5592 and 72.
24
What is the greatest common divisor of 3010 and 2?
2
Calculate the greatest common divisor of 3 and 93.
3
What is the greatest common factor of 36 and 486?
18
Calculate the greatest common factor of 79992 and 101.
101
Calculate the highest common factor of 11911 and 258.
43
What is the highest common factor of 225 and 120?
15
Calculate the highest common factor of 2304 and 756.
36
Calculate the greatest common factor of 38 and 1596.
38
What is the greatest common divisor of 3498 and 66?
66
What is the highest common divisor of 27122 and 284?
142
Calculate the highest common factor of 6 and 16.
2
What is the highest common divisor of 96 and 2048?
32
What is the greatest common factor of 13 and 1196?
13
Calculate the highest common factor of 832 and 52.
52
Calculate the greatest common factor of 159 and 8321.
53
Calculate the greatest common factor of 18 and 162.
18
Calculate the highest common divisor of 180 and 90.
90
Calculate the highest common factor of 15 and 1095.
15
Calculate the greatest common factor of 117 and 624.
39
Calculate the greatest common divisor of 5 and 13465.
5
What is the greatest common divisor of 9 and 474?
3
What is the highest common factor of 120 and 15?
15
Calculate the greatest common divisor of 40 and 16.
8
Calculate the highest common divisor of 96 and 208.
16
What is the greatest common factor of 5 and 640?
5
Calculate the greatest common divisor of 272 and 32.
16
Calculate the greatest common divisor of 1150 and 2070.
230
Calculate the greatest common factor of 976 and 112.
16
What is the highest common factor of 39 and 1716?
39
What is the greatest common factor of 39 and 213?
3
Calculate the highest common divisor of 999 and 148.
37
What is the highest common divisor of 126 and 203?
7
What is the greatest common divisor of 8 and 338?
2
Calculate the highest common factor of 18 and 5949.
9
What is the greatest common divisor of 42 and 3094?
14
Calculate the greatest common factor of 52 and 78.
26
What is the highest common factor of 17629 and 867?
289
What is the highest common factor of 2450 and 42?
14
What is the highest common divisor of 64 and 1?
1
Calculate the highest common factor of 292 and 12.
4
Calculate the highest common factor of 642 and 24.
6
Calculate the highest common factor of 60 and 140.
20
What is the highest common divisor of 475 and 95?
95
What is the highest common divisor of 44 and 220?
44
Calculate the highest common factor of 582 and 6.
6
Calculate the greatest common divisor of 861 and 1107.
123
What is the greatest common divisor of 7 and 8?
1
What is the greatest common divisor of 66 and 627?
33
Calculate the highest common divisor of 323 and 513.
19
Calculate the highest common divisor of 7170 and 30.
30
What is the highest common factor of 14 and 80?
2
Calculate the highest common factor of 12 and 8412.
12
Calculate the highest common divisor of 518 and 98.
14
Calculate the highest common factor of 2023 and 119.
119
What is the highest common factor of 24 and 300?
12
What is the greatest common factor of 84 and 19068?
84
What is the greatest common divisor of 105 and 987?
21
What is the highest common divisor of 768 and 48?
48
What is the highest common factor of 31 and 1271?
31
Calculate the highest common divisor of 117 and 306.
9
Calculate the highest common factor of 56 and 476.
28
Calculate the highest common factor of 34 and 2.
2
What is the highest common divisor of 429 and 132?
33
Calculate the greatest common divisor of 73 and 1168.
73
What is the highest common divisor of 39 and 26?
13
Calculate the greatest common factor of 2033 and 19.
19
What is the greatest common divisor of 350 and 40?
10
What is the greatest common divisor of 14 and 238?
14
Calculate the highest common factor of 718 and 18.
2
What is the greatest common divisor of 52 and 32?
4
Calculate the highest common divisor of 189 and 351.
27
Calculate the highest common factor of 275 and 175.
25
Calculate the highest common factor of 2 and 32.
2
What is the highest common factor of 43 and 731?
43
Calculate the greatest common divisor of 90 and 8820.
90
What is the highest common divisor of 182 and 26?
26
Calculate the highest common divisor of 45 and 36.
9
Calculate the highest common factor of 28 and 63.
7
What is the highest common factor of 98 and 9310?
98
Calculate the greatest common factor of 5364 and 72.
36
Calculate the highest common factor of 169 and 676.
169
Calculate the greatest common factor of 588 and 931.
49
What is the greatest common divisor of 4260 and 15?
15
What is the greatest common divisor of 52 and 572?
52
Calculate the highest common factor of 234 and 78.
78
Calculate the highest common divisor of 1008 and 18.
18
What is the greatest common factor of 1476 and 63?
9
What is the highest common factor of 1665 and 90?
45
Calculate the highest common divisor of 162 and 450.
18
What is the highest common divisor of 1206 and 198?
18
Calculate the greatest common divisor of 10 and 8390.
10
Calculate the greatest common factor of 27 and 513.
27
What is the highest common divisor of 117 and 16861?
13
Calculate the greatest common factor of 153 and 9.
9
Calculate the greatest common divisor of 252 and 2457.
63
Calculate the greatest common factor of 29310 and 30.
30
What is the greatest common divisor of 34 and 26?
2
Calculate the highest common factor of 36 and 58.
2
Calculate the highest common factor of 1162 and 448.
14
What is the greatest common factor of 35 and 238?
7
Calculate the highest common factor of 120 and 552.
24
Calculate the greatest common divisor of 84 and 31052.
28
What is the highest common divisor of 1026 and 874?
38
Calculate the greatest common divisor of 105 and 9705.
15
What is the highest common factor of 873 and 531?
9
What is the highest common divisor of 8119 and 23?
23
Calculate the highest common divisor of 300 and 8300.
100
What is the greatest common divisor of 127 and 6223?
127
What is the highest common divisor of 1764 and 1827?
63
What is the greatest common divisor of 28 and 4781?
7
What is the greatest common divisor of 33 and 18843?
33
Calculate the greatest common divisor of 112 and 14.
14
Calculate the greatest common factor of 11567 and 430.
43
What is the greatest common divisor of 200 and 24?
8
What is the highest common divisor of 1602 and 144?
18
What is the highest common divisor of 7384 and 213?
71
What is the greatest common factor of 182 and 5174?
26
What is the greatest common factor of 776 and 16?
8
What is the greatest common factor of 42 and 1372?
14
What is the highest common fa